Let q = 3532 - 1550. What is the units digit of q?
2
Let i(t) = -2*t**3 + 6*t**2 + 4*t + 3. Let z be i(5). Let l be 1*(-5 - -2) - (9 + z). Let y = -17 + l. What is the tens digit of y?
4
Let k be (-15)/14*-2 - (-4)/(-28). Suppose -600 = -2*y + 4*w + 160, -4*y + 1540 = k*w. What is the units digit of y?
4
What is the units digit of (-31)/(-4 - ((-2380)/(-894))/((-24)/36))?
9
Let g(s) = -2*s - 20. Let t be g(-10). Suppose t = 5*l - 247 - 68. Let o = 67 + l. What is the tens digit of o?
3
Let y = -3761 - -7206. Let l = -1943 + y. What is the tens digit of l?
0
Suppose 0*l - 4*l + 40 = 0. Let t be (1/2 - 3) + 5/l. What is the hundreds digit of 7/(-7) + (1*140 - t)?
1
Let d be (-230)/(-55) - (-4)/(-22). Suppose -3*t - 292 = -d*t + a, 0 = -4*a + 8. What is the tens digit of t?
9
Let b(l) = -l**3 + 7*l**2 + 18*l + 2. Let d be b(9). Let m(u) = 2*u**3 - 3*u**2 + 3*u. Let s be m(d). What is the hundreds digit of (-6)/(-4) + s/(-4) - -144?
1
Suppose -4*d - 4 - 4 = 0. Let m be d/8 + 108/(-16). Let p(w) = -18*w + 20. What is the units digit of p(m)?
6
Let v(b) = 4*b**2 - 22*b + 32. Let z be v(17). Let d = -562 + z. Suppose y - 3*h = -2*y + d, -4*y - h + 311 = 0. What is the units digit of y?
9
Suppose -w + 4*w + 0*w = 0. Let t(d) = w*d**3 - 34*d + 12*d + 10 - d**3 - 8*d**2 + d. What is the units digit of t(-7)?
8
Suppose -3 = -7*d + 11. Suppose 4 + 8 = -d*u. What is the hundreds digit of ((-24)/14)/u - 3207/(-21)?
1
Suppose 3*y + 4*d = 2*d - 25, 0 = -y - d - 10. Let t(k) be the second derivative of k**3/6 + 23*k**2/2 + 3*k. What is the units digit of t(y)?
8
Let r(g) be the third derivative of -g**4/24 - g**3/6 - g**2. Suppose -66 = 37*j + 230. What is the units digit of r(j)?
7
Let l = -10610 + 15445. Suppose 4*p + 1363 - l = 0. What is the units digit of p?
8
Suppose -173 = -9*x - 38. Suppose 14*v - v = 156. Suppose x*j - 249 = v*j. What is the units digit of j?
3
Let p(k) = -k + 6. Let a be ((-1)/2)/((-12)/24). Let s be p(a). Suppose 15 + 6 = 2*b - 3*w, -b + s*w + 7 = 0. What is the tens digit of b?
1
Suppose -4*y - 2*m + 8 = 0, 0 = 3*y - 5*y - 3*m + 8. Let i be (-4)/(4/(-3))*y. Let d = i + 109. What is the units digit of d?
2
Let l(w) = -2*w**2 - 4*w - 2. Let y be l(-2). Let h be ((-96)/(8/y))/(2/(-81)). What is the tens digit of (4/(-22) - h/264)*54?
8
What is the units digit of 22/33 - (508528/(-12) - 5)?
3
Let d be (-45)/(-2)*24/60. Suppose 0 = 2*u + d*u - 275. What is the units digit of u?
5
Let k = -5315 - -8900. What is the tens digit of k?
8
Let m(j) = -j**3 - 2*j**2 - 15*j - 76. What is the thousands digit of m(-25)?
4
Let w = -116 + 101. What is the hundreds digit of (-13540)/w + (-10)/6?
9
Suppose 4*f - 5*q - 121 = 0, 4*f - 17*q + 18*q - 115 = 0. Suppose 0 = -f*y + 30*y - 379. What is the units digit of y?
9
What is the tens digit of (-1 - -61)/((-246)/(-20049))?
9
Let r = 633 - -810. Let i = -646 + r. What is the units digit of i?
7
Let m(f) = -f**3 - 22*f**2 - 11*f + 38. Let c be m(-22). Suppose -14*q + 3808 = c. What is the hundreds digit of q?
2
Let x = 20 + 11. Let i(h) = 122 + h**2 - 16 + x*h - 19*h - 15*h. What is the hundreds digit of i(0)?
1
What is the tens digit of ((-244752)/60)/(5/(-50))?
9
Suppose -5*m - 46 = -51. What is the units digit of m*(-2 - (-4 - -3)) + 860?
9
Suppose -9*w + 6 = -6*w. Suppose 16 = 3*b + b - w*g, -2*g = b + 1. Suppose 0 = -2*j - l - 0*l + 196, -b*j + 292 = l. What is the units digit of j?
6
Let u(c) = -c**2 - 5*c - 1. Let k be u(-4). Suppose -k*w + 6*w = -2*s + 1176, -1783 = -3*s + 5*w. Let t = -400 + s. What is the tens digit of t?
9
Suppose -3*m = -443 - 160. Let y = m - 65. Suppose y = 5*t - 429. What is the units digit of t?
3
Let r be 36/42 + 4188/14. Let b = 40 + 456. Let n = b - r. What is the hundreds digit of n?
1
Suppose -8*h = 35*h - 93555 - 59912. What is the units digit of h?
9
Suppose -11*w + 7*w = -36. Let v = 257 + -507. What is the tens digit of 3/w + v/(-6)?
4
Let g = 182 + -182. Suppose g = 3*l + 2*r - 3736, -3 + 1 = 2*r. What is the hundreds digit of l?
2
Let g(y) = -y**3 + 76*y**2 - 124*y - 357. What is the thousands digit of g(60)?
9
Suppose -4*d - 33937 = -4*s + 13363, 4*s - 3*d = 47304. What is the hundreds digit of s?
8
Suppose -18*u = -1061121 - 548800 + 455797. What is the ten thousands digit of u?
6
Suppose 45*m - 507 = 46*m. Let w = -89 - m. What is the tens digit of w?
1
Let y = 83711 - 20090. What is the ten thousands digit of y?
6
Suppose -4*z - 2794 = -3*q, 2*z + 685 = -3*q + 3473. Let g = 210 + q. Suppose -21*m + 15*m = -g. What is the units digit of m?
0
What is the hundreds digit of (209867/735 - (-1)/(-5))/(6/936)?
5
Let d(l) = 43*l + 1620. What is the units digit of d(11)?
3
Let p(q) = -5*q**3 - 23*q**2 + 65*q + 23. What is the hundreds digit of p(-12)?
5
Let l(a) = -a**3 - 6*a**2 + 7*a + 14. Let k be l(-7). Suppose 0 = 18*g - k*g. Suppose g = -c + 19 + 12. What is the units digit of c?
1
What is the units digit of 5501628/216 + (-45)/(-6)?
8
Let h be 1 + (8 - -1 - 4) - 1. Suppose 287 = h*d - 88. What is the units digit of d?
5
Let i be 6/(-21) + (-69)/(-21). Suppose i*p - 4*w = 465, 3*w - 212 = -p - 57. Let s = -95 + p. What is the tens digit of s?
6
Let y = -13321 - -22749. What is the thousands digit of y?
9
Let j = 57 - 23. Let b(t) = 1 - j*t - 3 - 2. What is the tens digit of b(-4)?
3
Let y(j) = 328*j**3 - 8*j**2 + 7*j + 39. What is the tens digit of y(3)?
4
Let g(j) = -12*j - 239. Let u be g(-21). What is the tens digit of (29 + u)*12/7?
7
Suppose -244*l + 279*l = 1301860. What is the tens digit of l?
9
Let z be 432*(-5 - (2 - 35)). Suppose -48*v + 72*v = z. What is the hundreds digit of v?
5
Let o be (-8 + 56/8)*-16563. Suppose 18*u - 4317 = o. What is the hundreds digit of u?
1
Suppose 5*j - 6 = 19. Suppose y + 13 = 4*q, -2*y - j*q = y + 5. Let n(l) = 6*l**2 + 10*l + 10. What is the units digit of n(y)?
0
Let l be (-12)/9 - 16/24. Let n(k) = -9*k**3 + 3*k**2 + k - 4. Let g be n(l). Let j = g - 0. What is the tens digit of j?
7
Suppose -3*i - o = -7, 0 = 3*i + 4*o - 4 + 3. Suppose -3*n + 0*n - 41 = -h, -3*h + 98 = -4*n. Suppose i*u - h = u. What is the tens digit of u?
1
Suppose -7*q + 0*q + 20585 + 306511 = 0. What is the hundreds digit of q?
7
Suppose 19*g - 20*g = p - 9, 17 = 3*p + g. Suppose 0 = p*b - 2*v - 4048, -v - 1735 = -3*b + 1303. What is the thousands digit of b?
1
Let y be (4 + 15/(-5))/((-2)/(-8)). Suppose y*x - 4*p - 83 = 261, -5*x = -4*p - 429. Let f = x - 76. What is the units digit of f?
9
Let o = 1671 - -4489. What is the hundreds digit of o?
1
Let f = -33 - 24. Let x = f + 97. Let a = 24 + x. What is the units digit of a?
4
Let u = 76 - 6. Suppose 5 = h, -6*v + v - h + u = 0. Let f(l) = l**2 - 2*l + 5. What is the units digit of f(v)?
8
Let o be 3400 + (-10)/(70/21). Suppose -21*y + 12563 = -o. What is the tens digit of y?
6
Let l(r) = -25*r**3 + 31*r**2 + 62*r. What is the thousands digit of l(-12)?
6
Suppose -8740 = -45*g + 26*g. What is the units digit of g?
0
Let m(b) = 3*b**3 - 2*b + 4. Let l(s) = 7*s**3 - 4*s + 9. Let d(v) = -2*l(v) + 5*m(v). Let u be d(0). Suppose -u*a - 48 = -10*a. What is the units digit of a?
6
Suppose 5*k = s + 18, 0*s = 3*s - k - 2. Let i be (1 - (-10)/(-15))/(s/12). Suppose 0*p - 4 = -i*p, 4*p = 2*r - 196. What is the hundreds digit of r?
1
Let z(o) = -294*o + 280. What is the hundreds digit of z(-5)?
7
Let s(x) be the second derivative of 0 - 1/6*x**3 + 1/2*x**2 + 31*x - 3/20*x**5 + 1/12*x**4. What is the tens digit of s(-3)?
9
Suppose -2*a = 0, -1209 - 1763 = -4*v - 3*a. Let b = v + -315. What is the hundreds digit of b?
4
Suppose 0 = 7*v + 41 - 76. What is the hundreds digit of 4/14 + (16990/14)/v?
2
Let w(f) = 352*f + 9. Let l be w(3). Suppose -9*x + 6*x + l = 3*k, -3*k + 1093 = -4*x. What is the hundreds digit of k?
3
Let z(h) = -175*h - 116. Let d be z(-6). Let j = 1591 - d. What is the units digit of j?
7
Let o(i) = 65*i**2 - 6*i + 57. Let v be o(5). Suppose -u + 867 + v = 0. Suppose -12*h + u + 37 = 0. What is the units digit of h?
3
Let h = 117 + -116. Let j(p) = -2 + 0*p - p + 4*p + 12*p**2 + 71*p**2. What is the units digit of j(h)?
4
What is the ten thousands digit of (-1 + (6 - 11281))*((-273)/(-28))/(-3)?
3
Suppose -5 = a - 15. Suppose -a*r - 462 = -13*r. Suppose 8 = -4*b, -5*u + 3*b + r = -u.